 when 95 is divided by w.
7
Let k(x) = 5*x - 3. Calculate the remainder when 82 is divided by k(9).
40
Calculate the remainder when 72 is divided by (-2)/(-4) + 830/20.
30
Let o(g) = 2*g**2 + g - 1. Let i(j) = 3*j**2 - 4*j. Let c be i(-5). Suppose 0*s = 5*s - 5*f - c, -3*f = 0. Calculate the remainder when o(5) is divided by s.
16
Let i = -14 - -7. Let w be (-1)/(-2 + i/(-4)). Suppose w*k + 24 = 4*r - 4, 3*r = -3*k + 39. What is the remainder when 29 is divided by r?
9
Suppose -4*b = -9*b + 40. Suppose -17954*q + 17955*q - 21 = 0. Calculate the remainder when q is divided by b.
5
Let m(v) = 57*v**2 - 19*v - 19. What is the remainder when m(-1) is divided by 20?
17
Let s(u) = -5*u - 1. Let y be s(-1). Calculate the remainder when 130/y - 2*(-1)/(-4) is divided by 12.
8
Let y be 2/(-1)*(-6)/4. Let q be 1/((-1)/(-3)) + (-146 - -148). Suppose 0 = -b + d + 70, -212 = -y*b - 0*b + q*d. What is the remainder when b is divided by 18?
15
Suppose 2*d = -4*h + d + 2126, -5*h = -3*d - 2649. Suppose 2*b = 7*b - 35. Calculate the remainder when h/21 - 2/7 is divided by b.
4
Let t(o) = -o**2 - 7*o - 7. Let v be t(-5). Suppose 114 = v*y - 129. What is the remainder when y is divided by (-1 + -1 + 9)*(0 + 4)?
25
Suppose 3*i - 2 = 2*i. Calculate the remainder when 39/(-4)*i*(-16)/12 is divided by 3.
2
Suppose 4*f - 1 = 19. Suppose 202 = f*x - 308. Suppose 0 = -4*v + v + x. What is the remainder when v is divided by 12?
10
Suppose 0 = 2*g - 4, g = p + 2*p + 35. Let c(j) = -4*j - 16. Let x = -48 - -56. Calculate the remainder when c(p) is divided by x.
4
Let q(t) = 3 + t - 2 - 3 + 2*t. Let m be q(2). Suppose 0 = o + m - 5. Calculate the remainder when 2 is divided by o.
0
Suppose 0 = -3*z - 2*l + 16, -4*l - 56 = -4*z - z. Calculate the remainder when 127 is divided by z.
7
Let a be (2 + -4)/(6 - 8). Let k be a*(-3 - -4)*9. Let y = -6 + k. Calculate the remainder when 13 is divided by y.
1
Let y = 3990 + -3967. Let p(b) = 7 + 5*b**3 - 5*b**2 - 4*b**3 + 0*b**2. What is the remainder when p(6) is divided by y?
20
Suppose -94 = -3*u - 2*b - 24, -u + 2*b = -34. Calculate the remainder when 230 is divided by u.
22
Suppose 5*i - 5*g - 10 = 0, 13*g + 14 = 5*i + 9*g. Let b = 15 + -6. Calculate the remainder when b is divided by i.
3
Let s(h) = h**3 + 2*h - 4*h + 6*h + 7*h + 11 + 12*h**2. Calculate the remainder when s(-11) is divided by 5.
1
Let z be -1 - (-1*8)/4. Let r = 9 - -24. Calculate the remainder when r is divided by 54/(-30)*-5*z.
6
Let n be ((-2 + 1)*3)/(-1). Suppose 8*a - n*a - 285 = 0. What is the remainder when a is divided by 15?
12
Suppose -68 = -2*x - 20. Let f = 32 - 18. Let o = x - f. What is the remainder when 47 is divided by o?
7
What is the remainder when 68 is divided by 4 - (-9)/((-8)/(16/(-3)))?
8
Let m(b) = -8*b + 13. Let j be m(5). Let f = j - -79. What is the remainder when f is divided by 14?
10
Let h be (-5 - -1)/4 - -5. Suppose -h*v - 52 = -6*v. Let f = -9 + 18. What is the remainder when v is divided by f?
8
Let q(i) be the first derivative of i**2 + 12*i - 13. What is the remainder when q(5) is divided by 12?
10
Suppose 12 = -12*w + 10*w. Let b = 0 - w. Calculate the remainder when 23/1 + -3 - 3 is divided by b.
5
Let b = 17 - 5. Suppose -2*h = -0*h - b. Suppose -d + 0 + 8 = 3*u, 2*d = 5*u - h. Calculate the remainder when 7 is divided by d.
1
Suppose 4*p + 3 = 11. Suppose -o = 0, -36 = 5*n + o - 56. Calculate the remainder when n is divided by p.
0
Let n = -397 + 506. What is the remainder when 867 is divided by n?
104
Suppose 5*t + 306 = 3*i + 8*t, 4*i - 408 = -2*t. What is the remainder when i is divided by 18?
12
Suppose 0 = 5*s + 2*h, -4*h + 9 = -11. Suppose -978 = -2*w - 5*d, 2*w + 5*d - 1956 = -2*w. Calculate the remainder when w/33 - s/11 is divided by 4.
3
Let f = 301 - 292. Calculate the remainder when 294 is divided by f.
6
Let m = 1086 + -1056. Calculate the remainder when 143 is divided by m.
23
Suppose d - 3*q = -75, -5*d - q = -3*q + 323. Let w = d - -74. Calculate the remainder when 43 is divided by w.
10
Let q(f) be the second derivative of f**4/12 + 7*f**3/6 - 29*f**2/2 + 5*f. Calculate the remainder when q(7) is divided by 8.
5
Let u = -2245 - -2438. Calculate the remainder when u is divided by 99.
94
Let d be 2*1 - (-13 - -10). Suppose -5*h + 228 = -4*c, -d*h - 2*c + 44 = -202. Let x = 24 + -14. Calculate the remainder when h is divided by x.
8
Suppose 0 = -1300*g + 1305*g - 150. Calculate the remainder when 73 is divided by g.
13
Suppose 5*d - 457 = 48. Calculate the remainder when d is divided by 32.
5
Calculate the remainder when 531 is divided by 2*10/5*13.
11
Let g(n) = 4*n - 2. Suppose 0 = -18*c + 22*c - 148. What is the remainder when c is divided by g(3)?
7
Let r = -3 + 6. Suppose o + 123 = 5*j + 2*o, r*o - 9 = 0. Let s = 119 - j. What is the remainder when s is divided by 16?
15
Suppose -1176 = -4*t - 5*m + 542, t = -4*m + 435. Calculate the remainder when t is divided by 110.
97
Let k(b) = -b**2 - 7*b - 3. Let c be k(-6). Suppose 3*x + a = 3*a - 6, 5*x = a - c. Suppose -g + 5*g - 172 = x. Calculate the remainder when g is divided by 23.
20
Let h(k) = -k + 14. Let i = -67 + 58. What is the remainder when h(i) is divided by 8?
7
Let y(h) = -h**3 - 9*h**2 + 8*h - 13. Let b be y(-10). Suppose 12*o - 50 = b*o. Calculate the remainder when o is divided by 4.
2
Suppose -2*t + 7 + 1 = 0. Suppose -3*y = t*n - 122, 7 + 53 = 2*n + y. Calculate the remainder when 144 is divided by n.
28
Suppose -5*s - 3*r = -148, 0 = -10*s + 5*s - r + 156. Calculate the remainder when 112 is divided by s.
16
Suppose -t + 275 = 3*z, -7*t + 10*t - 457 = -5*z. What is the remainder when 393 is divided by z?
25
Let n = 95 + -66. Suppose -5*d + 2*z = -76, -d + 6*z + n = z. What is the remainder when 68 is divided by d?
12
Let x = 34 - 30. Suppose -2*s + x*s - 10 = 0. What is the remainder when 14 is divided by s?
4
Suppose 57*v = 59*v + 136. Let j = v + 83. Calculate the remainder when ((-118)/4)/(1/(-2)) is divided by j.
14
Suppose 2*i = 22 + 48. Suppose -m + 2*j = -14, -4*m = -2*j - 64 - 10. What is the remainder when i is divided by m?
15
Let i = -269 + 294. What is the remainder when 71 is divided by i?
21
Let j be (23 + -24)/(2/(-16)). Let v(t) = t**2 - 6*t - 1. What is the remainder when v(j) is divided by 4?
3
Let h be (22/4 + -4)*2. Suppose -g + h*u + 38 = 0, -4*u + 2 - 10 = 0. What is the remainder when g is divided by 7?
4
Let r = -70 + 84. What is the remainder when 17 is divided by r?
3
Suppose 5*z - 158 = 3*z. What is the remainder when z is divided by 27?
25
Let d = -789 + 845. Calculate the remainder when 226 is divided by d.
2
Suppose 0 = -41*i + 39*i - 5*b + 153, 5*i = b + 369. Calculate the remainder when 220 is divided by i.
72
Let z = -17 + 1. Let l = z + 18. Suppose 4*a - l = -6, -2*u + a = -27. Calculate the remainder when 49 is divided by u.
10
Suppose 2*g = -2*i - 11 + 29, -2*g + 4*i = 0. Let j be g/(-27) + (-800)/(-36). Suppose -3*c + j = -c. What is the remainder when 41 is divided by c?
8
Suppose 7*x - 8*x = -2, 3*f - 41 = 5*x. What is the remainder when 23 is divided by f?
6
Suppose -31 = -g + 45. Suppose -4*s = 5*f - g, 5*s - 2*f - 49 = 46. Suppose 3*y - 2*x = -y + 226, -y + 40 = 5*x. What is the remainder when y is divided by s?
17
Let s = 209 + -196. Let j(h) = -140*h**3 - h**2 + 1. What is the remainder when j(-1) is divided by s?
10
Let o(h) be the third derivative of -5/3*h**3 + 0*h - 6*h**2 + 0 + 7/24*h**4. What is the remainder when 41 is divided by o(3)?
8
Suppose -5*g + 178 = -192. What is the remainder when 189 is divided by g?
41
Let y(c) = -c**3 + 8*c**2 - 5*c - 17. What is the remainder when 44 is divided by y(4)?
17
Let t = 1134 + -1039. Calculate the remainder when t is divided by 3.
2
Let h(a) = a**3 - 8*a**2 + 9*a - 7. Let q be h(7). Let v(o) = -11*o - 3. Let s be v(q). What is the remainder when (-4)/(0 + 5/s) is divided by 22?
20
Let h = -13 + 16. Let a be ((-20)/4 + h)*-10. Suppose -2*d = q - 17, 4*q - 2*d = 2*d + a. What is the remainder when q is divided by 5?
4
Let c = 293 + -267. What is the remainder when c is divided by 16?
10
Let q be -3*10/15 + (0 - -1). Calculate the remainder when 41 is divided by q - (4 - -18)*-1.
20
Let d be 22/2 + 2 + -4 - -1. What is the remainder when -3 - (